{"id":1483,"date":"2022-06-14T09:57:10","date_gmt":"2022-06-14T07:57:10","guid":{"rendered":"https:\/\/quimper-evenements.fr\/pro\/?page_id=1483"},"modified":"2023-10-27T11:59:31","modified_gmt":"2023-10-27T09:59:31","slug":"espace-dan-ar-braz","status":"publish","type":"page","link":"https:\/\/quimper-evenements.fr\/pro\/espace-dan-ar-braz\/","title":{"rendered":"Espace Dan Ar Braz"},"content":{"rendered":"<div  class='flex_column av-40vnhn-46d16f4104e4d71ada2d9fa6e9521bb3 av_one_third  avia-builder-el-0  el_before_av_two_third  avia-builder-el-first  first flex_column_div  '     ><p>\n<style type=\"text\/css\" data-created_by=\"avia_inline_auto\" id=\"style-css-av-l4du71tg-13bd4245aedc40ff1e02cac24860e117\">\n.avia-image-container.av-l4du71tg-13bd4245aedc40ff1e02cac24860e117 img.avia_image{\nbox-shadow:none;\n}\n.avia-image-container.av-l4du71tg-13bd4245aedc40ff1e02cac24860e117 .av-image-caption-overlay-center{\ncolor:#ffffff;\n}\n<\/style>\n<div  class='avia-image-container av-l4du71tg-13bd4245aedc40ff1e02cac24860e117 av-styling- avia-align-center  avia-builder-el-1  el_before_av_textblock  avia-builder-el-first '   itemprop=\"image\" itemscope=\"itemscope\" itemtype=\"https:\/\/schema.org\/ImageObject\" ><div class=\"avia-image-container-inner\"><div class=\"avia-image-overlay-wrap\"><img decoding=\"async\" fetchpriority=\"high\" class='wp-image-1484 avia-img-lazy-loading-not-1484 avia_image ' src=\"https:\/\/quimper-evenements.fr\/pro\/wp-content\/uploads\/sites\/2\/2022\/06\/Dan-Ar-Braz.jpg\" alt='Espace Dan Ar Braz' title='Dan-Ar-Braz'  height=\"560\" width=\"840\"  itemprop=\"thumbnailUrl\" srcset=\"https:\/\/quimper-evenements.fr\/pro\/wp-content\/uploads\/sites\/2\/2022\/06\/Dan-Ar-Braz.jpg 840w, https:\/\/quimper-evenements.fr\/pro\/wp-content\/uploads\/sites\/2\/2022\/06\/Dan-Ar-Braz-300x200.jpg 300w, https:\/\/quimper-evenements.fr\/pro\/wp-content\/uploads\/sites\/2\/2022\/06\/Dan-Ar-Braz-768x512.jpg 768w, https:\/\/quimper-evenements.fr\/pro\/wp-content\/uploads\/sites\/2\/2022\/06\/Dan-Ar-Braz-705x470.jpg 705w\" sizes=\"(max-width: 840px) 100vw, 840px\" \/><\/div><\/div><\/div><br \/>\n<section  class='av_textblock_section av-l4dzk9sx-658ae12f53dcb18e221fc4a251af6b63 '   itemscope=\"itemscope\" itemtype=\"https:\/\/schema.org\/CreativeWork\" ><div class='avia_textblock'  itemprop=\"text\" ><h3><strong>Informations techniques<\/strong><\/h3>\n<ul>\n<li>Surface totale (accueil, salle et r\u00e9gie) : 1 700 m\u00b2<\/li>\n<li>Grande salle : 800 m\u00b2 inclut une<\/li>\n<li>S\u00e8ne : 170 m\u00b2<\/li>\n<li>Capacit\u00e9 : 750 personnes assises ou 1 490 personnes debout<\/li>\n<li>\u00c9quipements disponibles : salles de stockage, passerelles pour lumi\u00e8re et sonorisation, 2 loges, mobilier et chaises.<\/li>\n<\/ul>\n<h3>Pour plus de renseignements sur l&rsquo;Espace Dan Ar Braz, merci de contacter la ville de Quimper<\/h3>\n<p>H\u00f4tel de ville et d&rsquo;agglom\u00e9ration de Quimper<br \/>\n44 place Saint-Corentin<br \/>\nCS 26004 &#8211; 29107 Quimper cedex<br \/>\n<strong>02 98 98 89 89 &#8211; <a href=\"mailto:contact@quimper.bzh\">contact@quimper.bzh<\/a><\/strong><\/p>\n<\/div><\/section><\/p><\/div><div  class='flex_column av-29yzpn-be23f233c9a00b0bd38dd56153bd5fb5 av_two_third  avia-builder-el-3  el_after_av_one_third  avia-builder-el-last  flex_column_div  '     ><section  class='av_textblock_section av-l4dvcjhb-f93285dbd82dea43b70ccc43a639a07d '   itemscope=\"itemscope\" itemtype=\"https:\/\/schema.org\/CreativeWork\" ><div class='avia_textblock'  itemprop=\"text\" ><h2>L&rsquo;Espace Dan Ar Braz<\/h2>\n<p>Pr\u00e9vu pour accueillir les manifestations des associations, <strong>l&rsquo;Espace Dan Ar Braz est un \u00e9quipement g\u00e9r\u00e9 par la municipalit\u00e9 de Quimper<\/strong>, ouvert \u00e0 tous les Quimp\u00e9rois. Id\u00e9alement situ\u00e9 face au Parc des Expositions Quimper Cornouaille, il permet la continuit\u00e9 de votre \u00e9v\u00e9nement entre les deux espaces.<\/p>\n<h3>Facilitez l&rsquo;organisation de votre manifestation avec Quimper \u00c9v\u00e9nements<\/h3>\n<p>Spectacle, conf\u00e9rence, salon&#8230; <strong>Profitez de l&rsquo;expertise des \u00e9quipes de Quimper \u00c9v\u00e9nements<\/strong> pour organiser votre manifestation sur deux espaces modernes et spacieux, dot\u00e9s de parking et entre lesquels vous pourrez facilement circuler \u00e0 pieds.<\/p>\n<p>Pour la location conjointe de l&rsquo;Espace Dan Ar Braz avec le Parc des Expositions Quimper Cornouaille, assurez votre tranquillit\u00e9 en nous confiant la gestion technique et les relations avec les services de la Mairie.<\/p>\n<p>Pour toute demande de ce type, contactez nous : <a href=\"mailto:contact@quimper-evenements.fr\">contact@quimper-evenements.fr<\/a><\/p>\n<p><img loading=\"lazy\" decoding=\"async\" class=\"aligncenter wp-image-1501\" src=\"https:\/\/quimper-evenements.fr\/pro\/wp-content\/uploads\/sites\/2\/2022\/06\/Reussir-dans-lArtisanat-300x225.jpg\" alt=\"R\u00e9ussir dans l'Artisanat - Festival de l'Artisanat\" width=\"600\" height=\"450\" srcset=\"https:\/\/quimper-evenements.fr\/pro\/wp-content\/uploads\/sites\/2\/2022\/06\/Reussir-dans-lArtisanat-300x225.jpg 300w, https:\/\/quimper-evenements.fr\/pro\/wp-content\/uploads\/sites\/2\/2022\/06\/Reussir-dans-lArtisanat-1030x773.jpg 1030w, https:\/\/quimper-evenements.fr\/pro\/wp-content\/uploads\/sites\/2\/2022\/06\/Reussir-dans-lArtisanat-768x576.jpg 768w, https:\/\/quimper-evenements.fr\/pro\/wp-content\/uploads\/sites\/2\/2022\/06\/Reussir-dans-lArtisanat-1536x1152.jpg 1536w, https:\/\/quimper-evenements.fr\/pro\/wp-content\/uploads\/sites\/2\/2022\/06\/Reussir-dans-lArtisanat-1500x1125.jpg 1500w, https:\/\/quimper-evenements.fr\/pro\/wp-content\/uploads\/sites\/2\/2022\/06\/Reussir-dans-lArtisanat-705x529.jpg 705w, https:\/\/quimper-evenements.fr\/pro\/wp-content\/uploads\/sites\/2\/2022\/06\/Reussir-dans-lArtisanat.jpg 2048w\" sizes=\"auto, (max-width: 600px) 100vw, 600px\" \/><\/p>\n<\/div><\/section><\/div><\/p>\n","protected":false},"excerpt":{"rendered":"","protected":false},"author":4,"featured_media":0,"parent":0,"menu_order":0,"comment_status":"closed","ping_status":"closed","template":"","meta":{"footnotes":""},"class_list":["post-1483","page","type-page","status-publish","hentry"],"_links":{"self":[{"href":"https:\/\/quimper-evenements.fr\/pro\/wp-json\/wp\/v2\/pages\/1483","targetHints":{"allow":["GET"]}}],"collection":[{"href":"https:\/\/quimper-evenements.fr\/pro\/wp-json\/wp\/v2\/pages"}],"about":[{"href":"https:\/\/quimper-evenements.fr\/pro\/wp-json\/wp\/v2\/types\/page"}],"author":[{"embeddable":true,"href":"https:\/\/quimper-evenements.fr\/pro\/wp-json\/wp\/v2\/users\/4"}],"replies":[{"embeddable":true,"href":"https:\/\/quimper-evenements.fr\/pro\/wp-json\/wp\/v2\/comments?post=1483"}],"version-history":[{"count":15,"href":"https:\/\/quimper-evenements.fr\/pro\/wp-json\/wp\/v2\/pages\/1483\/revisions"}],"predecessor-version":[{"id":1685,"href":"https:\/\/quimper-evenements.fr\/pro\/wp-json\/wp\/v2\/pages\/1483\/revisions\/1685"}],"wp:attachment":[{"href":"https:\/\/quimper-evenements.fr\/pro\/wp-json\/wp\/v2\/media?parent=1483"}],"curies":[{"name":"wp","href":"https:\/\/api.w.org\/{rel}","templated":true}]}}